-7)) + -6?
8
(-16 - -5) + (-26 - -47)
10
What is the value of (-27 - -28) + (1 - 2)?
0
What is the value of (0 + -12 - (195 - 207)) + 1 + 1?
2
Evaluate 1 - (16 + -45 - -14) - 44.
-28
What is the value of -8 + -1 + (4 - -32) + -15?
12
Calculate 1 + 1 + -8 + 17.
11
-2 + -28 + (-4 - -7) + 9
-18
What is the value of -4 - -2 - (18 - 10)?
-10
12 - (7 + 25) - (0 - (2 - -3))
-15
Calculate -35 + 39 + -16 + -9.
-21
Calculate -5 + 11 + -16 + 3 + -7 + 8.
-6
Evaluate (-15 - -6 - (-7 + 21)) + 3 + 3.
-17
Calculate (8 - (-2 + -1 + 3)) + -250 + 228.
-14
-9 - 2 - -1 - (1623 - 1615)
-18
Evaluate 4 + -12 - (-7 - -2 - -8).
-11
What is the value of -9 - (-2 + -7 - (-7 - -5))?
-2
What is 17 + (-37 - (-26 - 1))?
7
Evaluate (-14 - -6) + 3 - -9.
4
What is the value of (13 - 23 - (-2 - -3)) + (33 - 2)?
20
What is the value of -6 + (7 - 1) + -4 + -3?
-7
What is 8 + 7 + 12 + -30?
-3
What is the value of (-29 - (9 - 23)) + 39 - 8?
16
What is (-3 - (-3 + 6)) + -1 - (298 + -289)?
-16
Calculate 10 - (10 + (12 - 9) - -2).
-5
What is 1 + 44 + -7 + -27?
11
(-24 + 18 - 5) + (1 - 6) - 6
-22
Calculate (-15 - -70) + -26 + -25.
4
What is the value of 17 - (60 - 25) - -41?
23
What is the value of -9 - (-9 - (8 + 4))?
12
What is the value of 5 + (-2 - (-2 + 2)) - (359 - 358)?
2
-28 + 2 + 10 + -161 + 162
-15
Calculate -34 + 29 + (0 - -23) + 3.
21
What is 1 - (11 + -9 - -2) - -3?
0
Evaluate (-24 - -39 - 3) + 1 + -6.
7
Calculate 43 + (-33 - -10) - 29.
-9
What is the value of 1 + (5 - (-13 + 7 + 7 + 1))?
4
What is the value of -26 + (19 - (-23 + -4))?
20
What is the value of (-22 - -23) + (0 - 16 - -2)?
-13
26 + 9 + -15 + 0
20
Evaluate (27 - 13) + -23 - (-3 - 8).
2
Calculate ((-5 - -5) + 11 - 26) + 22.
7
What is -10 + (2 - 2) - -14?
4
Calculate 15 + 2 - (-3 - (-5 - 4)).
11
Calculate 7 - (9 + 19 - 6).
-15
What is the value of 5 - (3 + 5) - ((6 - -9) + -4)?
-14
Calculate 103 + -117 - (0 + -10) - 7.
-11
Calculate -54 + 57 - (6 + 1) - -11.
7
Calculate 129 + -112 - (2 + 1).
14
What is 22 + -28 - (-31 - -12)?
13
Evaluate (34 - 35) + -7 + 2 + 2.
-4
What is the value of 7 - (5 - 0) - 6 - (21 + 4)?
-29
What is 2 + 12 + -112 + 107?
9
Calculate 128 + -125 + (-6 - -1) + 3.
1
What is the value of -7 + 1 - (-12 + (35 - 19)) - 5?
-15
(8 + 1 - 12) + -2 + -5
-10
4 + (29 - 23) - 13
-3
Calculate -8 + -3 + 15 + -16.
-12
What is the value of -5 + (10 - 5) + 4 + 8 + -15?
-3
Calculate 8 - (5 + -2) - ((-1 - -3) + 1).
2
Evaluate (-11 - -32) + -27 - (-1 + 4).
-9
Calculate 1 + 3 + 1 + -6 + 12.
11
Evaluate -4 + -6 + 10 + -7 - (1 - 5).
-3
What is ((-1 - 1) + 1 - -19) + -10?
8
Calculate 0 + (11 - (-14 + 10 - -25)).
-10
What is -9 + (-10 - -23) - -3?
7
4 + -1 - (-3 + (13 - 3)) - -5
1
Evaluate -10 - (22 + -4) - -28.
0
What is -1 + (0 + -1 - 4) + 14?
8
Calculate -3 + -3 - ((-29 - -3) + 12).
8
Calculate 17 - (11 - 12) - 14.
4
Calculate (-4 - (0 - 13)) + -5 - 0.
4
4 - (1 + -4 + 0 - (-31 - -37))
13
Calculate 0 - ((1 - -3) + (17 - 21) - -2).
-2
Calculate 4 - (2 - -11) - (-9 + -4).
4
What is 8 + 24 + -9 + -8 - 35?
-20
What is 0 + -3 + 10 + -17 + 3 + 6?
-1
What is the value of -6 + 4 - (-18 - (-10 + 0))?
6
Calculate -3 + -20 + 15 - -4.
-4
What is 8 - -5 - (-4 - 2 - (5 - 7))?
17
What is (11 - (-1 - -21)) + (1 - 0)?
-8
11 + 10 + -14 + (0 - -4 - -4)
15
Evaluate -11 + (-28 - -4 - -33).
-2
Calculate -3 + -5 + 0 + 7 + -7.
-8
Calculate -3 - (12 + -10) - 6.
-11
What is the value of -7 + 0 - (22 + -47 + 29)?
-11
What is (54 - 54) + (-1 - 2) - 16?
-19
What is -2 + (7 - -1) - (-26 - -24)?
8
-20 - 0 - -1 - -22
3
What is the value of 117 + -100 + 0 + 3 + -5?
15
Calculate (7 - 12 - 2 - 8) + 2 + 2.
-11
1 - (5 + (-22 - (10 + -3 + -18)))
7
(32 - 33) + 30 - 2
27
What is the value of (107 - 99 - (10 + 1)) + 13?
10
What is the value of -18 - (-17 + (39 - 5))?
-35
(-6 - (-54 - -17)) + -50
-19
What is the value of 46 + (16 - 30) + -33?
-1
What is the value of 0 - -19 - (167 - 158)?
10
(1 - -4) + -8 + -5
-8
What is the value of 11 + -14 + -7 + (-2 - (3 + -7))?
-8
What is 28 + 3 + (10 - 7) + -16?
18
Calculate 2 + (124 - 118 - (0 - -28)).
-20
Evaluate -9 + (6 + 19 - 1 - 8) + 8.
15
What is the value of 32 + -10 - (-6 - (0 + -7))?
21
Evaluate (-15 - (-10 - -4)) + (37 - 1 - 5).
22
Evaluate 16 + (16 - 7) + -14.
11
What is (-2 - (-19 + -7 + 6 + -1)) + -2?
17
(-23 - (11 - 12)) + 1
-21
What is the value of (27 - 12) + 19 + -21?
13
Evaluate 10 + -1 + -7 + 0 + -2 + -12.
-12
What is the value of (-5 - -1) + (149 - 135)?
10
What is the value of -8 + 5 + -9 - (0 - (9 + -1))?
-4
Calculate -12 - ((4 - -4) + -13) - (1 + 2).
-10
What is the value of (-8 - -11) + (-26 - (-10 + 12 + 8))?
-33
What is the value of 21 + -39 + 10 + 0 - -12?
4
What is (30 - 27 - 16) + (-1 - 4)?
-18
What is the value of -12 - ((0 - 4) + (-18 - -7) + 8)?
-5
(-11 - (-3 - -2 - 14)) + -11
-7
Evaluate (1910 - 1902) + (-1 + 0 - 0) + -6.
1
Calculate 15 + -9 - (-18 + 9).
15
7430 + -7451 - (-2 - (0 - 1) - 5)
-15
Evaluate 7 + (13 - 28) + 3 + 21.
16
Calculate -3 - (25 + (1 - 48)).
19
Calculate -9 + 8 + -11 + 12 + -5 - -31.
26
Evaluate -296 - -286 - (1 + -9).
-2
Evaluate -1 - (4 + 0 + -6 + -3 - 1).
5
(-2 - 9 - -3 - -7) + (2 - 4)
-3
Calculate 2 + (3 - (7 + 0 - (-26 + 33))).
5
What is the value of 23 + -1 - (0 + 15)?
7
What is the value of -39 - (3 + 5 + -30)?
-17
Evaluate -10 + (50 + -40 - ((2 - -4) + -1)).
-5
What is the value of (13 - 4) + -18 + 10 - 7?
-6
(-1 - -9 - 19) + (-2 - -2)
-11
113 + -112 - (1 + 0)
0
What is the value of -6 - (3 + 7 + 9 + (-13 - 4))?
-8
What is -13 - (-17 + 24 + -34)?
14
Evaluate (0 - (-3 - (5 - 0))) + 0 + -15.
-7
Evaluate (58 - 69) + (-3 + 6 - (3 + 0)).
-11
Evaluate -13 + 8 + -5 - -13.
3
What is 14 + -8 + -9 + 12?
9
What is the value of -1 + 16 - (10 + -9 + 1)?
13
What is 449 + -444 + 10 + 0?
15
Evaluate ((0 - 2) + 3 - 5) + -5.
-9
1 - 5 - (-15 - (2 + -4))
9
(-18 + -45 - -28) + 8 + -2
-29
What is -12 + 12 - ((0 - -22) + -5)?
-17
What is the value of -16 + -3 + 10 + -8 + 5?
-12
Evaluate (-10 - -1) + 19 + -9 + (-4 - -1).
-2
Calculate (0 + -2 - 0 - 9) + (595 - 593).
-9
What is (10 - 14 - 5) + 28 - -3?
22
Evaluate -19 - (-19 - 5 - -17).
-12
Evaluate 8 + (-5 - -1) + 49 + -53 + -4.
-4
11 + -39 + 17 + 41 - -9
39
Evaluate 20 - -8 - 41 - (-20 + -1).
8
Evaluate (2 - 3) + 18 + (-72 - -62).
7
What is the value of 28 - (-6 + -34 + 82)?
-14
What is 34 + 1 - (358 - 345)?
22
0 + 9 - (9 - (3 + 13))
16
What is -4 - (1 + -1 + -2) - (-13 - -21)?
-10
Evaluate 5 + 12 - 6 - 5.
6
Calculate -16 + (-1 + 11 - (8 - 11)).
-3
Evaluate -5 - ((-11 - (-7 - -5)) + -3 + 14).
-7
What is the value of -22 + (10 - (14 + -8 - -1)) + 6?
-13
Calculate 1 + 2 - ((16 - 8) + (32 - 16)).
-21
Calculate (-2 - (-19 - (6 + -2))) + -5 + 6.
22
What is the value of 0 + -6 - (-24 + 2 - -2)?
14
Evaluate -273 + 253 + 0 + -4 - (0 - 0).
-24
1 - (2 + 1 + -10 - (2 + -1))
9
10 - (8 + 5 - 14)
11
Calculate -17 - (-26 - 11) - 19.
1
(13 - -7 - 9) + -5 + -1 + -1
4
Evaluate (-4 - 2) + 1 + -4 + 3 + -2.
-8
What is 3 + 1 + (-46 - -23 - -21)?
2
What is 18 + (-3 - -6 - 7)?
14
Evaluate 4 + -3 + 9 - 14 - 6.
-10
What is the value of -11 + -11 + 26 + -14 - 13?
-23
Evaluate (24 - 15) + -8 - (8 - (1 - 1)).
-7
Evaluate 9 + -8 + 22 + -17.
6
What is the value of 9 + (-16 - (-2 - -2)) + 2 - -23?
18
What is -6 - (4 - 12 - (3 + -5 + -2))?
-2
Calculate (7 + -15 - 3) + -4.
-15
What is -9 - ((5 - (14 + -5)) + 1)?
-6
What is 5 - (0 - -7) - -3 - 12?
-11
1 + 2 + 3 + (-25 - -7)
-12
What is the value of -15 + (7 - (-2 + -4 + 9)) + -1?
-12
What is the value of (-6 - -20) + -13 + 14 + 16?
31
What is (0 - -4) + (9 - (-10 - (-12 - -5)))?
16
What is 176 - 178 - (-7 + -1 + 3)?
3
(263 - 270) + (9 - 0)
2
Evaluate -186 - -213 - (1 - (1 - 13)).
14
11 + -17 + (-7 - -12)
-1
What is the value of (-1 - 11) + 14 - (-2 - (-13 + 4))?
-5
What is 21 + (12 - (20 + 5 - 16))?
24
2 - ((-3 - -3) + -5 + 14) - -4
-3
-845 + 827 - (-22 - 1)
5
Evaluate (5 - -1) + (-22 - (11 - 26) - -8).
7
What is 5 - (-36 - (-44 - -25))?
22
Calculate (1 - (20 + -12)) + -8.
-15
-1 - 4 - (-71 + 66) - (2 + -4)
2
What is the value of (-1 - -11) + -31 + -80 + 118?
17
Calculate 30 + (-46 - -20) + (-6 - 0).
-2
What is 13 + (-7 + 13 - 8) + -4?
7
Calculate (-1 - 16) + (-1 - 0 - 0 - -6).
-12
What is 28 + 19 - 30 - (1 - -40)?
-24
What is 2 + -2 - (12 + (8 - 11) - 1)?
-8
Calculate (-2 + 2 - ((12 - 4) + -15)) + -18.
-11
W